7 + 1 - (-30 - -16) - -17.
25
Calculate 1014 + -1038 - (-2 - 24).
2
What is the value of 0 - 8 - (3 + -2 - (16 + 3)) - 0?
10
What is the value of -108 - ((-58 - 22) + 28)?
-56
Calculate (188 - 103) + -73 + (-1 - 90).
-79
What is (0 - -25 - 7) + 5 + (13 - (-14 + 17))?
33
(-18 + 4 + -60 + 4 - -15) + 21
-34
Calculate (252 - 15) + -232 - ((0 - -1) + 22).
-18
Calculate -40 + 24 + -3 + 18 + -29.
-30
(35 - 27) + ((2 - -1 - -1) + -9 - 5)
-2
-937 + 909 + 12 + -1
-17
Evaluate -186 - -185 - ((-23 + 0 + 0 - -4) + 3).
15
What is the value of 0 + -30 + -8 + 29 + 3 + -17?
-23
Evaluate (19 + -1 + -1 + -6 + -1 - -1) + -73.
-62
Evaluate 58 + -60 + -1 + -12 + (-51 - 8).
-74
What is the value of 1 + (-16 - (-3 - (5 - (13 - 7))))?
-13
Calculate -33 - -1 - (-2013 - -1995) - (-1 - -65).
-78
What is (1 - -1) + 32 + (-21 + 13 - -10)?
36
Calculate 8 + -8 + 4 + 21 + (-11 - -9).
23
What is the value of -17 + (-3 - (7 + -14)) - -4 - (10 + -17)?
-2
Calculate 23 + (-30 - -25) + (1 - 6).
13
Evaluate 67 + -52 + (9 - 53).
-29
What is -30 - (3 + -79 - (-2 - -13))?
57
What is -22 + (1 - 0 - (-16 + 29)) - -23?
-11
(-8 - -7 - (-6 + -2 - -17)) + 4 + 40
34
What is the value of (4 - 11 - 13) + (-520 - -493)?
-47
What is the value of -37 + -1 + 3 - (-205 - -92 - -105)?
-27
Calculate 12 - (-29 + 25) - 27.
-11
What is 14 + -15 + 3 + (66 + -25 - 7)?
36
Evaluate 8 + 7 + (2 - 1) - (-30 - -26).
20
Calculate -64 - ((14 - (-9 + 44)) + -2).
-41
-90 + (-134 - -282) - -82
140
Calculate 23 - (-85 + (154 - 75)).
29
Calculate -46 - ((41 - 25) + -43).
-19
Evaluate (1 - (-5 + -103)) + -204.
-95
(16 - (111 - 105)) + 72
82
62 + -23 + 36 - (10 + 10 + -7)
62
What is the value of 6 + 32 - 33 - 47?
-42
Calculate -34 - (-20 + -39 - 26) - -4.
55
Evaluate 0 + (84 - 1) + (109 - -1) + -111.
82
((-8 - -33) + -64 - -14) + 66
41
What is -30512 + 30494 - (4 + -2 - (2 + 135))?
117
Evaluate (40 - 42) + (33 - 1) + -77 + 70.
23
What is (-41 - ((-3 + 11 - 6) + -3)) + 2?
-38
Calculate (-36 - -16 - -6) + 73.
59
What is the value of 14 + (29 - (-4 - 11))?
58
What is the value of (7 - (-2 + -7)) + 20 + 54?
90
10 + -9 + -6 + 7 + (14 - 74)
-58
Evaluate (74 - 1) + (2034 - 2086).
21
What is (-112 - -99) + (-3 - 2) + 18?
0
Calculate (-23 - -7) + 57 + -86.
-45
What is (74 - 2) + -17 + (-4 - -17 - 11)?
57
Calculate (-17 + 8 - 8) + 12 + 10 + -16 - -64.
53
What is 125 - 93 - (7 - -42)?
-17
1 + -160 - (-462 - -412)
-109
(-6 - -6) + 75 + -72 + 9 - 122
-110
(-1 - -23) + (-233 - -99) + 87
-25
Evaluate -3 - (-9 + 8) - (3 - 3 - 44).
42
What is -2 + -6 + -10 + 23 + -9 + -14?
-18
What is the value of (-56 - 0) + -1114 + 1152?
-18
-26 + (-17 - ((-23 - -50) + -30))
-40
(-5 - 30 - -84) + (-1 - 16) + 4
36
What is the value of (-5 - -4 - (11 + -60) - 6) + 12?
54
Calculate (152 - 131) + -82 + -5.
-66
What is -2 + -32 + 1 - ((148 - -160) + -291)?
-50
Evaluate -23 - (8 - (-15 + (6 - 17))).
-57
What is the value of (-388 - -416) + -8 + -1?
19
Calculate (-8 - (17 + 12 + -19)) + 12 - 18.
-24
Evaluate 8 + -11 - (11 - (-12 + 73 + -2)).
45
What is -134 + -1 + -2923 + 2986?
-72
What is -67 - ((-3 - (-18 - -4)) + 2 + -22 + 4)?
-62
Calculate 6 + -14 + -2 + 21 + -52 + 45.
4
-2105 + 2114 + (-54 - -1)
-44
What is (1 - 16) + (-202 + 200 - (-124 + 7))?
100
What is (44 - 59) + ((-5 - 1) + 13 - 11)?
-19
Calculate -1 + 1 + 39 + 20 + -51 - -13.
21
What is 37 + (-118 - (-194 - -109))?
4
What is the value of -5 + (5 - (78 + 5 - (-1 - -10) - 5))?
-69
What is (14 - (3 - 1) - (11 + 1)) + (0 - 39)?
-39
Calculate -10 - (0 - (-12 + 10) - (6 + 7)).
1
Calculate 7 - -6 - (-11 + 22 - 5) - 3.
4
What is 4 - -53 - (-20 + 10 - -5)?
62
What is the value of 25 - 1 - -46 - (11 - 5 - -7)?
57
-12 - (1 + -2 + 2 - (95 + -86))
-4
Calculate -20 + (26 - -2) - -13 - -29.
50
-94 + -2 + 5 + (-1 - -3) - (-38633 + 38628)
-84
(5 - (18 + -24) - (4 + 1)) + -19
-13
What is the value of -4 - -73 - (311 + -254)?
12
What is (-11 - (5 - 135)) + (112 - 139)?
92
What is the value of 23 - ((-44 - -32) + (1 + -1 - -8))?
27
Calculate (5 - 19 - (52 + -85 + 17)) + -132.
-130
Evaluate (-5 + 33 - 46) + (121 - 9) + -3.
91
Evaluate -19 + 21 + -5 + 2 + 2 + 39.
40
Evaluate (-3 - (19 + (-12 - -25))) + -42.
-77
Evaluate -1 + (-23 - (35 + -62)) - 59.
-56
What is the value of -8 - (-65 + 168 - 47)?
-64
30 + (37 - -27) + -45
49
What is the value of 11 + (-20 + 32 + 4 + -19 - -28)?
36
What is the value of -8 + -14 + -3 - (-191 - -129)?
37
What is -1 + -2 - ((2 - 13) + (217 - 203))?
-6
16 - (0 + (3 - -3)) - (14 + -2)
-2
Calculate 91 + (4 - ((9 - 1) + (171 - 168)) - 3).
81
What is the value of -2 + 66 + (-33 + 10 - (-2 - 15))?
58
What is -4 + 6 + 3 + -6 + (-52 - -36)?
-17
Calculate (39 - (2 - 5)) + (-23 + -51 - -68).
36
Calculate (0 - 8) + 5 + (5 - -7) - 51.
-42
What is the value of (19 - ((-3 - ((5 - 16) + 10)) + 10)) + 40?
51
What is -18 + (-61 - -27) - -104?
52
What is -35 - (-9 + -143 + 59)?
58
Calculate (49 - (138 - -62)) + 71.
-80
What is the value of 36 + -48 + (-42 - (15 + 14))?
-83
What is the value of -18 - -87 - (-7 + 38)?
38
What is the value of -109 - (25 + -39 + 94 + -38)?
-151
What is the value of 44 + 3 + -78 + (-7 - 1)?
-39
What is the value of -10 - 10 - (29 - (-25 - -182))?
108
Calculate 127 - ((-26 - (-8 + -37)) + -21).
129
Calculate 42 + -1 - (98 + 289 - 351).
5
Evaluate 134 + (-51 - -16) - 57.
42
Evaluate -266 + 236 + (-6 - -60).
24
What is the value of (19 - 5 - (74 - (-5 + 4))) + 15?
-46
Evaluate -23 - ((80 - 7) + -54).
-42
What is (-5 - 30) + (-24 - (-14 + (17 - 10)))?
-52
What is 137 + 36 + -86 + -164?
-77
What is 99 + 76 - 82 - 38?
55
89 + 20 + 10 + -53 + 13
79
What is (-10 - (7 - (76 - 3))) + 59 + -57?
58
Calculate 11 + -4 - 48 - (-402 + 485).
-124
Evaluate -22 + (19 - -60) + -49.
8
What is (3 + -6 - -126) + -54?
69
(-67 - -4) + -100 + 102 - -32
-29
What is the value of 14 - 9 - 16 - (-1 - (51 + 5))?
46
-34 + (15 - (11 + (-11 - -18)) - 10)
-47
Calculate 400 - 373 - (-1 + 3 - 6).
31
481 + -376 + (-21 - (-6 - -12))
78
Evaluate 1 + -3 + 15 - ((4 - -1) + 1).
7
(-63 - -46 - 5) + (15 - 99)
-106
-40 - (143 + -130 - (111 - -11))
69
-26 - (-4 + (18 - 6) + (-3 - -5))
-36
Evaluate (0 - 1) + (-21 - -9 - (-88 + 39)).
36
Evaluate -3 + 14 - (10 + 12 + 23 + 5).
-39
What is -68 - (10 - -10 - 18 - (-7 - -14))?
-63
1 - (-45 + (48 - 35)) - -36
69
Evaluate (-2 - 11) + 2229 + -2228.
-12
What is the value of (17 - 29) + 55 - 40?
3
356 - 353 - (15 - ((3 - 6) + 7))
-8
(-10 - (-56 - (27 + -57))) + 0 + -60
-44
Calculate 888 + -988 - (-85 - 3).
-12
46 - ((28 - -35) + -83)
66
Evaluate (22 - 1 - (2 + -38)) + 8.
65
Calculate (43 + 2 - -3) + 6 + (10 - (7 + 1)).
56
Evaluate 35 + 6 - (17 - -2 - (19 - 19)).
22
Evaluate 14 + -6 - (91 - 116).
33
What is -9 + -1 + (-88 - (-186 + 65)) + (2 - -29)?
54
Calculate -67 - -23 - (36 - 23).
-57
What is the value of -3 + 2 - ((-19 - (-5 - -3)) + (18 - -49))?
-51
What is the value of (-3 - 2) + 5 - -24 - (-188 - -171)?
41
50 - (40 - 59 - -33)
36
(-50 - (-1 - 109)) + 39
99
Calculate -14 + (-13 - -20) + (4 - -61 - 6).
52
What is the value of (-50 - -43) + 14 + 2 + 19 + (0 - 3)?
25
What is 57 - (-67 + 178 - 37)?
-17
Evaluate 68 + (14 + (-12 - -13) - 28).
55
What is the value of 70 + (-31 + 45 - 56)?
28
-12 + (-7 + 4 - (2 - 4) - 9)
-22
What is (6 - (17 + 73)) + 18?
-66
0 + 8 + (-11 - 6 - (-20 - -13))
-2
Calculate 131 + (146 - 128) - 12.
137
Calculate -8 - 4 - 1 - (-102 - -111 - 23).
1
Evaluate 13 - (-113 + 218 + -108).
16
What is -206 + -2 + (4281 - 4191)?
-118
776 + -762 - (32 + 1)
-19
What is the value of 0 - (527 + -512 + -61 + -3)?
49
Calculate -35 - (-30 - (71 + -32 + -12)).
22
(-49 - -109) + 6 + (-23 - -1)
44
What is -1 + -9 + (73 - 107 - -54)?
10
Calculate (-14 - (-59 + 11)) + -142 - -23.
-85
What is the value of -110 - (-29 - (22 - 30))?
-89
What is the value of -63 + (-40 - -42 - -5 - (-9 - -1))?
-48
Calculate (44 - 73) + 44 + -6.
9
Calculate 10 + 15 - -15 - -108.
148
What is the value of 5 + (-6 - (30 + -4)) + 19 + -64?
-72
Evaluate (-1 - 15) + -72 + (-8 - -33 - 3).
-66
What is the value of -33 + 64 - (144 - 183)?
70
Calculate (-21 - (30 + -76)) + -6.
19
Calculate 723 + -646 + -7 + -34.
36
Evaluate -2 - (-112 + 19 + -6 + 22 - 10).
85
Evaluate 89 + ((3 - 8) + 1 - 13 - -23).
95
Calculate -3 + 4 + 5 + -4 - (-9 - (120 + -10)).
121
Calculate -31 - -27 - (-22 - (8 - 16) - -48).
-38
Evaluate